{"id":60,"date":"2010-03-22T14:04:49","date_gmt":"2010-03-22T13:04:49","guid":{"rendered":"http:\/\/www.hans-peter-briegel.de\/blog\/?page_id=60"},"modified":"2010-10-12T09:48:44","modified_gmt":"2010-10-12T08:48:44","slug":"presse-interviews","status":"publish","type":"page","link":"http:\/\/www.hans-peter-briegel.de\/blog\/?page_id=60","title":{"rendered":"Presse"},"content":{"rendered":"<h3>Lautrer Legende: Die Walz aus der Pfalz<\/h3>\n<p><img decoding=\"async\" class=\"alignright\" style=\"margin-right: 20px;\" src=\"http:\/\/i768.photobucket.com\/albums\/xx324\/hpbriegel\/presse\/hans-peter-briegel_thumb.jpg\" alt=\"\"  \/><br \/>\nAls im April 1976 beim Gastspiel des 1. FC Kaiserslautern beim Serienmeister und mehrfachen Europacupsieger Bayern M\u00fcnchen ein gewisser Hans-Peter Briegel eingewechselt wurde, fragten sich nicht wenige FCK-Fans, wer denn dieser Brecher sei? Ein H\u00fcne von Gestalt (1,87 m gro\u00df, 85 kg schwer) sollte eben dieser Briegel als St\u00fcrmer mitverantwortlich daf\u00fcr sein, dass der FCK dank dreier Treffer von Klaus Toppm\u00f6ller einen 1:3-R\u00fcckstand noch in einen 4:3-Sieg im Olympiastadion drehte. Es war der Beginn einer wundersamen Fu\u00dfballerlaufbahn dieses kernigen Pf\u00e4lzers, der sich zuvor lange Jahre als Leichtathlet, genauer gesagt Zehnk\u00e4mpfer, bet\u00e4tigte. Erst im Alter von 17 Jahren kam er zum Fu\u00dfball und feierte nun doch tats\u00e4chlich nur drei Jahre sp\u00e4ter seine Premiere als Bundesligaspieler im Dress der roten Teufel.<\/p>\n<p>Dennoch gab es zu Beginn seiner Profikarriere auch einige R\u00fcckschl\u00e4ge zu verkraften. Denn trotz seiner Kraft war er auf der anderen Seite technisch eher unbeholfen, was selbst beim einheimischen Betzenberg-Publikum einige Male zu Lachsalven f\u00fchrte. Briegel aber biss auf die Z\u00e4hne, arbeitete hart an sich und verbesserte sich auch fu\u00dfballtechnisch zusehends. So sorgte er nur wenige Monate nach seinem Bundesligadeb\u00fct auch international erstmalig f\u00fcr Aufsehen, als er am 20.10.1976 im UEFA-Cup-Spiel gegen die damalige Weltklasse-Mannschaft von Feyenoord Rotterdam auf dem Betzenberg gleich doppelt traf, das sp\u00e4tere Ausscheiden seiner Truppe damit aber auch nicht verhindern konnte. Der damalige FCK-Coach Erich Ribbeck hatte kurz darauf die zun\u00e4chst vielbel\u00e4chelte Idee, Hans-Peter Briegel zum linken Verteidiger umzufunktionieren. Doch das Konzept ging auf. Briegel brachte die gegnerischen St\u00fcrmer durch seine Zweikampfst\u00e4rke zum Verzweifeln und kurbelte seinerseits mit seinen bald gef\u00fcrchteten Vorst\u00f6\u00dfen die Offensive an.<\/p>\n<p><img decoding=\"async\" class=\"alignleft\" style=\"margin-right: 20px;\" src=\"http:\/\/i768.photobucket.com\/albums\/xx324\/hpbriegel\/presse\/nationalmannschaft_thumb.jpg\" alt=\"\"  \/><br \/>\nAls 1978 Karl-Heinz Feldkamp der Nachfolger Ribbecks wurde, beorderte er Briegel in die Innenverteidigung, womit die \u201eKampfmaschine\u201c Briegel seine Idealposition gefunden hatte. Mittlerweile war auch Bundestrainer Jupp Derwall auf den jungen Pf\u00e4lzer aufmerksam geworden und berief ihn im Jahre 1979 erstmalig f\u00fcr die Nationalelf, wo er zumeist wieder als linker Verteidiger agierte. Mit der Nationalelf feierte er gro\u00dfe Triumphe: 1980 Europameister, 1982 und 1986 jeweils Vize-Weltmeister. Insgesamt bestritt Hans-Peter Briegel 72 L\u00e4nderspiele und erzielte dabei vier Tore. Was f\u00fcr eine Karriere f\u00fcr einen, dem Jahre zuvor kaum einer zutraute, auch nur auf zehn Bundesligaspiele zu kommen.<\/p>\n<p>Doch zur\u00fcck zu \u201eseinem\u201c Verein, dem FCK: Zwischen 1978 und 1982 belegte Briegel mit den \u201eRoten Teufeln\u201c jeweils Platz 3 und 4 in der Endabrechung. Zweimal stand er mit dem FCK im DFB-Pokalfinale \u2013 1976 verlor man in Frankfurt mit 0:2 gegen den Hamburger SV und 1981 mit 1:3 in Stuttgart gegen Eintracht Frankfurt. Der Betzenberg wurde in jenen Jahren endg\u00fcltig zur Legende durch seine phantastische Atmosph\u00e4re, die auch viel mit der dynamischen, nimmerm\u00fcden Spielweise eines Hans-Peter Briegel zu tun hatte. Jahrelang hallten bei jedem Heimspiel die \u201eBriegel\u201c-Rufe aus Tausenden von Kehlen \u00fcber den Betze, wenn die \u201eWalz aus der Pfalz\u201c wieder einmal zu einem seiner unnachahmlichen Sturml\u00e4ufe ansetzte.<\/p>\n<p><img decoding=\"async\" class=\"alignright\" style=\"margin-right: 20px;\" src=\"http:\/\/i768.photobucket.com\/albums\/xx324\/hpbriegel\/presse\/hellas-verona_thumb.jpg\" alt=\"\"  \/><br \/>\nGerade der hoch dekorierte FC Bayern M\u00fcnchen hatte in jenen Jahren wenig zu lachen auf Deutschlands h\u00f6chstem Fu\u00dfballberg und lie\u00df die Punkte regelm\u00e4\u00dfig in der Pfalz. Den spektakul\u00e4rsten internationalen Erfolg landete Briegel mit dem FCK zweifellos am 17. M\u00e4rz 1982. Damals wurde Real Madrid im UEFA-Cup-Viertelfinale nach einer 1:3-Hinspielniederlage mit sage und schreibe 5:0 nach Hause geschickt. Angetrieben vom nach \u00fcbelsten Fouls der Spanier im Hinspiel gerade wieder genesenen Briegel schaffte der FCK die Sensation und fegte die Spanier vom Betze. Das war die Saison des Hans-Peter Briegel, der in jenem UEFA-Cup-Wettbewerb einen Gegner nach dem anderen zum Wahnsinn trieb, bis leider im Halbfinale in G\u00f6teborg der Weg des FCK endete \u2013 in der Verl\u00e4ngerung durch die bis heute sch\u00e4ndlichste Elfmeterschwalbe in der schwedischen Fu\u00dfballgeschichte!<\/p>\n<p>Hans-Peter Briegel verbrachte neun lange Jahre als Profi auf dem Betzenberg. Seiner zu einem fr\u00fchen Zeitpunkt seiner Karriere mehrfach ge\u00e4u\u00dferten Devise, dass es in Deutschland keinen anderen Verein als den FCK g\u00e4be, blieb er immer treu. Als er aber 1984, im Alter von knapp 29 Jahren, ein Angebot aus Italien von Seiten des ambitionierten Empork\u00f6mmlings Hellas Verona erhielt, konnte er nicht mehr Nein sagen. Die Chance, in diesem fu\u00dfballverr\u00fcckten Land spielen zu k\u00f6nnen wollte er sich nicht entgehen lassen. Der FCK und seine Fans akzeptierten diese Entscheidung, da Briegel wie kaum ein anderer \u00fcber viele Jahre seine Knochen f\u00fcr den Pf\u00e4lzer Vorzeigeclub hinhielt. Zum Abschied widmete die bekannte Lautrer Punk-Combo \u201eWalter-Elf\u201c ihm sogar einen eigenen Song mit dem Titel \u201eLeb\u2019 wohl, Hans-Peter (komm bald zur\u00fcck)\u201c.<\/p>\n<p><img decoding=\"async\" class=\"alignleft\" style=\"margin-right: 20px;\" src=\"http:\/\/i768.photobucket.com\/albums\/xx324\/hpbriegel\/presse\/fussballer-des-jahres_thumb.jpg\" alt=\"\"  \/><br \/>\nSeine zahlreichen Fans und Freunde beobachteten anschlie\u00dfend mit gro\u00dfer Freude, dass Hans-Peter Briegel nun auch in Italien ein Topstar wurde! V\u00f6llig \u00fcberraschend, ja geradezu sensationell, gewann der Aufsteiger aus Verona mit einem in Weltklasseform auftrumpfenden Briegel 1985 die italienische Meisterschaft. Briegel wurde zum besten Ausl\u00e4nder der Serie A gew\u00e4hlt und in Deutschland erstmalig zum Fu\u00dfballer des Jahres. Die Kr\u00f6nung seiner Karriere!<\/p>\n<p>Nach einer weiteren Saison verlie\u00df Briegel Verona und zog weiter zum Traditionsclub Sampdoria Genua, mit dem er noch 1988 den italienischen Pokal gewann. Unmittelbar danach beendete er dann seine \u201egro\u00dfe\u201c Karriere und lie\u00df bis 1992 im beschaulichen schweizerischen Glarus diese Karriere zun\u00e4chst als Spieler, dann als Spielertrainer in einer unterklassigen Liga bei den Eidgenossen ausklingen.<\/p>\n<p>Nach seiner aktiven Zeit wurde Hans-Peter Briegel Trainer und Funktion\u00e4r, unter anderem trainierte er die Nationalmannschaft von Albanien und [\u2026] die Auswahl von Bahrain. Weniger gl\u00fccklich verlief seine Zeit als FCK-Sportdirektor von 1996 bis 1997 und als -Aufsichtsrat von 2002 bis 2003. Nach Differenzen mit Trainer Otto Rehhagel bzw. Pr\u00e4sident Ren\u00e9 J\u00e4ggi gab er seine \u00c4mter jeweils auf, wurde von J\u00e4ggi gar verklagt und trat zuletzt aus dem Verein aus \u2013 bis heute ein Makel in der Beziehung zwischen dem 1. FC Kaiserslautern und Hans-Peter Briegel, den viele langj\u00e4hrige Fans gerne wieder in \u201eseinem\u201c Verein sehen m\u00f6chten.<\/p>\n<p><img decoding=\"async\" class=\"alignright\" style=\"margin-right: 20px;\" src=\"http:\/\/i768.photobucket.com\/albums\/xx324\/hpbriegel\/presse\/kopfball_thumb.jpg\" alt=\"\"  \/><br \/>\nDer Deutsche Fu\u00dfball-Bund verwehrte Briegel Ende der 1980er Jahre ein Abschiedsspiel mit der Begr\u00fcndung, dass er nicht gen\u00fcgend L\u00e4nderspiele f\u00fcr ein solches absolviert h\u00e4tte, aber am 26. September 1989 fand dann doch noch seine gro\u00dfe Abschiedsgala auf dem Betzenberg statt. Der 1. FC Kaiserslautern spielte gegen eine Europaauswahl mit Spielern wie Hellstr\u00f6m, Rummenigge, Stielike, den Italienern Antognoni, Altobelli und Gentile sowie den Spaniern Camacho und Juanito. Es war ein rauschendes Abschiedsfest f\u00fcr einen der Allergr\u00f6\u00dften der ruhmreichen FCK-Historie.<\/p>\n<p>Der Name Hans-Peter Briegel blieb allen Fu\u00dfballfans in der Pfalz und dar\u00fcber hinaus bis heute unvergesslich. Ein ehrlicher Sportsmann, der gezeigt hat, was man auf dem Fu\u00dfballplatz mit einem eisernen Willen alles erreichen kann. Danke f\u00fcr alles, Hans-Peter!<\/p>\n<p>\u00a0<\/p>\n<p><strong>Quelle:<\/strong> <a href=\"http:\/\/www.der-betze-brennt.de\/historie\/halloffame.php?id=1003\" target=\"blank\">Der Betze Brennt<\/a> (29.12.2006) <\/center><\/p>\n<p>\u00a0<\/p>\n<h3>27. Mai 2010, Knast-WM in der JVA Rohrbach\/W\u00f6llstein<\/h3>\n<p><center><object width=\"480\" height=\"385\"><param name=\"movie\" value=\"http:\/\/www.youtube.com\/v\/mCxaFGuKonI?fs=1&hl=en_US\"><\/param><param name=\"allowFullScreen\" value=\"true\"><\/param><param name=\"allowscriptaccess\" value=\"always\"><\/param><embed src=\"http:\/\/www.youtube.com\/v\/mCxaFGuKonI?fs=1&hl=en_US\" type=\"application\/x-shockwave-flash\" allowscriptaccess=\"always\" allowfullscreen=\"true\" width=\"480\" height=\"385\"><\/embed><\/object><\/center><\/p>\n<p>\u00a0<\/p>\n<p><strong>Quelle:<\/strong> <a href=\"http:\/\/www.1730live.de\/archiv\/news-details\/datum\/2010\/05\/28\/knast-wm-entschieden.html\" target=\"blank\">17:30 Sat1 Live<\/a> (28.05.2010)<\/p>\n<p>\u00a0<\/p>\n<p>\u00a0<\/p>\n<p>\u00a0<\/p>\n<p>\u00a0<\/p>\n<p><strong>Weitere Artikel & Interviews:<\/strong><\/p>\n<ul>\n<li><a href=\"http:\/\/www.hans-peter-briegel.de\/presse\/willkommen_zurueck.pdf\" target=\"blank\">Willkommen Zur\u00fcck, Hans-Peter Briegel!<\/a> (Quelle: <a href=\"http:\/\/www.der-betze-brennt.de\" target=\"blank\">Der Betze Brennt<\/a>, 14.11.2009)<\/li>\n<li><a href=\"http:\/\/www.hans-peter-briegel.de\/presse\/tagesspiegel140809.pdf\" target=\"blank\">Interview: \u201cBei Kontern sah ich gut aus\u201d<\/a> (Quelle: <a href=\"http:\/\/www.tagesspiegel.de\/sport\/Fussball-Hans-Peter-Briegel-Athletik;art133,2872487\" target=\"blank\">Der Tagesspiegel<\/a>, 14.08.2009)<\/li>\n<li><a href=\"http:\/\/www.hans-peter-briegel.de\/presse\/11Freunde101209.pdf\" target=\"blank\">Interview: \u201cEs gibt nur den FCK\u201d<\/a> (Quelle: <a href=\"http:\/\/www.11freunde.de\/bundesligen\/126317\" target=\"blank\">11 Freunde<\/a>, 10.12.2009)<\/li>\n<li><a href=\"http:\/\/www.hans-peter-briegel.de\/presse\/Interview_Wegbegleiter.pdf\" target=\"blank\">Interview aus \u201cDer WegbeGLeiter\u201d<\/a> (Quelle: <a href=\"http:\/\/www.generation-luzifer.de\/\" target=\"blank\">\u201cDer WegbeGLeiter\u201d \u2013 Generation Luzifer<\/a>)<\/li>\n<li><a href=\"http:\/\/www.hans-peter-briegel.de\/presse\/rheinpfalz.jpg\" target=\"blank\">\u201cLob f\u00fcr Kuntz und Kurz\u201d<\/a> (Quelle: Die Rheinpfalz, Nr. 229, 24.12.2009)<\/li>\n<li><a href=\"http:\/\/www.hans-peter-briegel.de\/presse\/interview_insider.pdf\" target=\"blank\">Interview mit dem Magazin \u201cInsider\u201d<\/a> (Quelle: <a href=\"http:\/\/www.magazin-insider.de\/index.php?id=10&tx_ttnews[tt_news]=785&tx_ttnews[year]=2010&tx_ttnews[month]=02&tx_ttnews[day]=06&cHash=8d38a73561\" target=\"blank\">Magazin \u201cInsider\u201d<\/a>, 06.02.2010)<\/li>\n<li><a href=\"http:\/\/tv.dfb.de\/index.php?view=2098\" target=\"blank\">Noch ein Video zur Knast-WM<\/a> (Quelle: <a href=\"http:\/\/tv.dfb.de\/\" target=\"blank\">DFB TV<\/a>, 27.05.2010)<\/li>\n<\/ul>\n","protected":false},"excerpt":{"rendered":"<p>Lautrer Legende: Die Walz aus der Pfalz Als im April 1976 beim Gastspiel des 1. FC Kaiserslautern beim Serienmeister und mehrfachen Europacupsieger Bayern M\u00fcnchen ein gewisser Hans-Peter Briegel eingewechselt wurde, fragten sich nicht wenige FCK-Fans, wer denn dieser Brecher sei? Ein H\u00fcne von Gestalt (1,87 m gro\u00df, 85 kg schwer) sollte eben dieser Briegel als [&hellip;]<\/p>\n","protected":false},"author":1,"featured_media":0,"parent":0,"menu_order":4,"comment_status":"closed","ping_status":"open","template":"","meta":{"footnotes":""},"_links":{"self":[{"href":"http:\/\/www.hans-peter-briegel.de\/blog\/index.php?rest_route=\/wp\/v2\/pages\/60"}],"collection":[{"href":"http:\/\/www.hans-peter-briegel.de\/blog\/index.php?rest_route=\/wp\/v2\/pages"}],"about":[{"href":"http:\/\/www.hans-peter-briegel.de\/blog\/index.php?rest_route=\/wp\/v2\/types\/page"}],"author":[{"embeddable":true,"href":"http:\/\/www.hans-peter-briegel.de\/blog\/index.php?rest_route=\/wp\/v2\/users\/1"}],"replies":[{"embeddable":true,"href":"http:\/\/www.hans-peter-briegel.de\/blog\/index.php?rest_route=%2Fwp%2Fv2%2Fcomments&post=60"}],"version-history":[{"count":26,"href":"http:\/\/www.hans-peter-briegel.de\/blog\/index.php?rest_route=\/wp\/v2\/pages\/60\/revisions"}],"predecessor-version":[{"id":122,"href":"http:\/\/www.hans-peter-briegel.de\/blog\/index.php?rest_route=\/wp\/v2\/pages\/60\/revisions\/122"}],"wp:attachment":[{"href":"http:\/\/www.hans-peter-briegel.de\/blog\/index.php?rest_route=%2Fwp%2Fv2%2Fmedia&parent=60"}],"curies":[{"name":"wp","href":"https:\/\/api.w.org\/{rel}","templated":true}]}}